1. What is the thousands digit of m?
1
Suppose -6*r + 28 = -14. Suppose -242 = -2*b - 4*h, -2*h = -2*b - r*h + 241. What is the units digit of b?
3
Let r(l) = -5343*l - 173. What is the thousands digit of r(-4)?
1
Let l(c) = -509*c**3 - c**2 + 6*c + 12. Let i be l(-3). Suppose 0 = 9*z + 15*z - i. What is the tens digit of z?
7
Suppose -b = v, 2*v + 3*b - 3 = 2*b. Suppose -g + 2*n + 337 = 0, v*n - 325 = 2*g - 1000. What is the tens digit of g?
3
Let u(h) = 22*h + 3741. What is the hundreds digit of u(24)?
2
Suppose -v - 24833 = -3*k, -41390 = 3*k - 8*k + 2*v. What is the units digit of k?
6
Suppose -3*m - 96 = 3*j, 3*m - j + 49 = -27. Let y = m + 81. Suppose y*t - 47*t - 784 = 0. What is the units digit of t?
2
What is the hundreds digit of (-18 - (-17 + 14)) + 4853?
8
Suppose 4*s = 9 + 11, -2*r - 4*s + 42 = 0. Suppose 4*u + 3*a = r, a + 4 = -u + 6. What is the units digit of (-1)/u + 971/5?
4
Suppose -16*m - 16135 = -104601 - 201054. What is the tens digit of m?
9
Suppose 18*n + 37*n - 749848 = -33*n. What is the units digit of n?
1
Suppose 48*y - 52*y + 16 = 0. Let x = y + 31. Suppose -4*o - x = -5*t + 46, -o = -t + 16. What is the units digit of t?
7
Suppose -120*g + 211410 = -30*g. What is the hundreds digit of g?
3
Let x be (-10)/(-6) + (-1)/(-27)*9. What is the tens digit of (-4448)/(-12) + x/(-3)?
7
Suppose -1 = -p + 3*w - 19, 0 = -3*p + 5*w - 54. Let m(f) = -f**3 - 16*f**2 + 26*f + 6. What is the hundreds digit of m(p)?
1
Let g(o) be the first derivative of 5*o**3/3 - 9*o**2 - 14*o - 1. Suppose 82 = 20*t - 78. What is the hundreds digit of g(t)?
1
Suppose -2*f = 5*w - f - 18164, 4*f - 3629 = -w. What is the tens digit of w?
3
Let m be 5/(-10 - -5) + 1143. Suppose -219*c - m = -220*c. What is the units digit of c?
2
Let k be 24/5*675/(-30). Let y = k + 186. What is the tens digit of y?
7
Let a(s) = -175*s**3 + 4 + 5*s - 2*s**2 - 2*s**2 - 191*s**3 + 5*s**2. What is the hundreds digit of a(-1)?
3
Suppose 0 = -5*w - 30 - 10. Let c be w/12*(-9)/2. What is the units digit of (-2)/c*(-119 + -1)?
0
Let l be (-8)/(-14)*2597/106. Let f(j) = 24 + 6*j + 11 - 2. What is the hundreds digit of f(l)?
1
Let u = -164 + -100. Suppose 5*y + 509 = -0*s - 2*s, -2*s = y + 97. Let a = y - u. What is the hundreds digit of a?
1
Let c be (-4)/(-14) - (-200)/35. Suppose 248 + 568 = -c*r. Let s = -93 - r. What is the tens digit of s?
4
Let n = -51 + 43. Let o(r) = r**2 + 7*r - 4. Let t be o(n). Suppose -t*s - 137 = -385. What is the units digit of s?
2
Suppose -2*v = 21*v - 125741. What is the units digit of v?
7
Let k(d) = -13*d**3 + 6*d**2 + 10*d - 11. Let o(c) = -41*c**3 + 17*c**2 + 30*c - 32. Let p(a) = 8*k(a) - 3*o(a). What is the hundreds digit of p(3)?
4
Let q = -6972 + 15602. What is the hundreds digit of q?
6
Suppose -201 - 335 = -2*s. Let h = 121 - s. Let t = -98 - h. What is the units digit of t?
9
Let o(m) = -9*m**3 + 2*m**2 - 3*m + 10. Let r be o(5). Let y be (-2)/14*2 - r/56. What is the units digit of 14*7 - (y + -3)/4?
4
Suppose 3*r - 5650 = -4*u + 28373, 3*u - 147347 = -13*r. What is the tens digit of r?
3
Suppose 46*i = -5*i + 255. Let g be 2/4 + (-11)/(-2). What is the hundreds digit of (-116 + 1)/(i - g)?
1
Let r be (-10)/(-6 - 65/(-10)). What is the units digit of 96 - (-5)/(r/8)?
4
Let b(j) be the third derivative of 7*j**5/30 + j**4/8 + 8*j**3/3 - 13*j**2. What is the tens digit of b(3)?
5
Let u = -19896 - -25082. What is the units digit of u?
6
Let j = -14 + 32. Let r = -15 + j. Suppose -7*t + 160 = -r*t. What is the tens digit of t?
4
Let y(q) be the first derivative of -q**6/120 - q**5/15 - q**3/6 - 11*q**2/2 - 16. Let t(k) be the second derivative of y(k). What is the units digit of t(-6)?
1
Suppose 670 - 2062 = -4*v. Let r = v - 276. What is the units digit of r?
2
What is the hundreds digit of (2/6*7)/((-21)/(-83475))?
2
Let r = 436 - 163. Let v = r + -1. What is the tens digit of v?
7
Suppose 33*r - 397567 = 352292. What is the ten thousands digit of r?
2
Suppose t - 15*r + 16*r - 33416 = 0, -t + 33421 = 2*r. What is the thousands digit of t?
3
Suppose -53349 = -4*z + 3*y, 3*z - 21582 - 18427 = 5*y. What is the thousands digit of z?
3
Suppose -4*f + 40 + 0 = 4*r, -4*f = 3*r - 34. Suppose -4*t = -5*g - 91, 3*t - 7*g = -r*g + 82. What is the tens digit of t?
2
Suppose -s = 3*z - 126, 0*s + 3*s = -5*z + 390. Suppose 2*n - 350 = 5*y, -y + 33 = n - s. What is the tens digit of n?
7
Let u = -32657 - -48525. What is the thousands digit of u?
5
Let h(u) = u**3 + 6*u**2 + 5*u + 2. Let t be h(-5). Suppose g - 10 = t*c, 4*g = 3*c - 5*c. Suppose -9*i + g*i = -14. What is the units digit of i?
2
Let u(x) = x**2 + 8*x - 39. Let z(i) = -i**2 - 8*i + 38. Let j(y) = -4*u(y) - 5*z(y). What is the units digit of j(-13)?
1
Let i(f) = 13200*f**3 + 99*f - 98. What is the hundreds digit of i(1)?
2
Let q = 1107 - 311. Suppose -q = -4*j + 1416. What is the units digit of j?
3
Let g be (6/(-4))/((-9)/(-18)). Let o(q) = 3*q - 321. Let d(l) = -l + 160. Let w(c) = g*o(c) - 5*d(c). What is the hundreds digit of w(0)?
1
Let c(p) = 2*p**2 - 37*p + 185. Let u be c(9). Let o(x) = 20 - 4*x**2 + 18*x**2 + 11*x - x + 4*x**3 - 5*x**3. What is the units digit of o(u)?
0
Suppose -2*u + 17 - 87 = 0. Let n be (u/2)/(-7)*2. Suppose -n*s + o = -121, 0*o = -4*s - o + 104. What is the tens digit of s?
2
Suppose -9*g = 5*r - 12*g - 52382, 5*r = -4*g + 52354. What is the ten thousands digit of r?
1
Let h be ((1 - 2) + 2)/(3/3). Let k be ((-6)/(-5))/(h/10). What is the units digit of 42*k/4 - 0?
6
Suppose 19*a - 620416 = -5*a - 50*a. What is the thousands digit of a?
8
Let n = 36 + -27. Suppose 1100 = 2*x + n*x. Suppose -2*y + 420 = u + x, 0 = -y - 3*u + 160. What is the tens digit of y?
6
What is the hundreds digit of ((-4048)/(-6))/(8/(-84)*-7)?
0
Suppose 5 = -5*g, 0 = 5*a + 8*g - 4*g - 11. Suppose a*j - 74 - 274 = 0. What is the units digit of j?
6
Let o be (-2 - 121) + (-4 - (-3 - 4)). Let p be -6 + 2 - (0 - -53). Let g = p - o. What is the tens digit of g?
6
Let b(r) = -3109*r - 175. What is the thousands digit of b(-3)?
9
Let x(b) = -14*b**3 + 2*b**2 + 7*b + 1. Let y be 155/(-15) - -8 - (-2)/(-3). What is the hundreds digit of x(y)?
3
Let l be 1106534/130 + (-2)/(-10). Suppose -12*c - 1420 = -l. What is the hundreds digit of c?
5
Suppose j + 4*y - 22 - 114 = 0, 343 = 3*j - y. Suppose 109*r + 3213 = j*r. What is the hundreds digit of r?
4
Suppose 40*l - 32*l + 3400 = 0. What is the units digit of ((-17)/(l/(-630)))/(6/(-135))?
7
Suppose -620*r + 2272 = -617*r + 5*w, -4*w = 4. What is the hundreds digit of r?
7
Let m(x) = -5*x**2 - 26*x - 6. Let u(z) = z**2 + z. Let f(k) = m(k) + 6*u(k). Let p be f(12). Let s = 273 + p. What is the hundreds digit of s?
1
What is the units digit of -2 - ((-1316012)/31 + (0 + -16)/2)?
8
Let t(i) = -i**3 - 19*i**2 - 20*i + 94. Let q be ((-320)/120)/(4/30). What is the units digit of t(q)?
4
Let m be 8*(-36)/14*(-2240)/24. Suppose 0 = 116*c - 112*c - m. What is the hundreds digit of c?
4
Suppose 37*x - 224771 = -64191. What is the hundreds digit of x?
3
Let f(b) = b**3 + 16*b**2 + 15*b + 2. Let i be f(-15). Suppose 1051 = i*k + 2*m - 227, 5*k = 5*m + 3205. Suppose k = 4*t + 6*t. What is the units digit of t?
4
Let s = 24 - 16. Let l be 54 - s*(-2)/(8*-1). Suppose 44 = i - l. What is the tens digit of i?
9
Let w = -3615 - -4514. Let n = 6848 + -4642. Suppose n = 15*z - w. What is the units digit of z?
7
Let u = -16804 - -30979. What is the thousands digit of u?
4
Suppose 0 = -26*v - 47911 + 219251. What is the tens digit of v?
9
Suppose -4*s + 10 + 10 = 0. Suppose -x = s*t - 2733, 0 = x + 3 - 1. What is the units digit of t?
7
Let o(f) = -5*f + 11. Let z be o(1). Suppose -52 = -4*s + 4*q, s - z = -2*q + 7. Suppose -s*w + 6*w + 518 = 0. What is the tens digit of w?
7
Let b = -11 + 12. Let q be (1 + 9)/(b/11). Suppose 3*w = 2*i + 182, 22 = 2*w - 4*i - q. What is the units digit of w?
8
Suppose 0 = -3*y + 3, 3*y + 2578 = 4*w - 2195. Let g = -784 + w. What is the tens digit of g?
1
Let k = 115 + -116. Let t be 1*(k + -3 - (9 - 14)). Let a(z) = 51*z**2 - 5*z + 3. What is the tens digit of a(t)?
4
Let c = 144 + -84. Let d = -24 + c. Let h = -35 + d. What is the units digit of h?
1
What is the thousands digit of -450*(1296/(-45) + 16)?
5
Let v be (-2*4/